ed by 4?
1
Let z be (-318)/8 + (-6)/24. Let h = 63 + z. What is the remainder when h is divided by 9?
5
Let t be 5 + (-1)/1 + 1. Let d = -52 + 90. Suppose -t*y + 72 = -d. Calculate the remainder when y is divided by 6.
4
Let c be 1 - -2*(-15)/6. Calculate the remainder when (c - -9)*(-16)/(-2) is divided by 14.
12
Suppose 3*s - 11 + 2 = 0. Suppose 4*r - 5*j = 18, 2*j = 5*r - s*r - 8. Calculate the remainder when r is divided by 1.
0
Let i be 1*3 - 91/(-7). Let u = i + -10. What is the remainder when u is divided by 2?
0
Let l = 67 - 38. What is the remainder when 86 is divided by l?
28
Suppose -w + 36 = 3*g - 36, w = -2*g + 70. Let q = w + -35. Let d(x) = 2*x**3 - 5*x**2 + 3*x - 2. Calculate the remainder when q is divided by d(3).
15
Let x(v) = -v. Let m(d) = -11*d. Let l(k) = -m(k) - 33*x(k). Let t be l(2). Suppose t = -0*n + 4*n. Calculate the remainder when n is divided by 8.
6
Suppose 5*j + 2*x - 189 = 0, -4*j + x = -119 - 27. Suppose s + 4*s = 5. Suppose q + 4*y - 3 = 0, s + 0 = -q - 5*y. What is the remainder when j is divided by q?
18
Let b(a) = 2*a - 3. Suppose 2*l + q = -4*q - 9, -l - 6 = 3*q. Calculate the remainder when 4 is divided by b(l).
1
What is the remainder when 1 + 3 + -3 + 24 is divided by 9?
7
Suppose -156 + 24 = -4*g. Let c = 48 - g. What is the remainder when 59 is divided by c?
14
Suppose 3*w = 4*f + 49, -3*f - 2*w = -2*f + 4. Let r = 2 - f. Calculate the remainder when (-43)/(-2) + (-2)/(-4) is divided by r.
10
Suppose -z = -2*c - 0*z + 21, 4*z + 54 = 5*c. What is the remainder when 1*(-7)/3*-12 is divided by c?
8
Suppose -4*m - 4*w = -5*m - 4, m + 5*w - 5 = 0. Suppose -6*z = 5*z + 1452. Calculate the remainder when (3 - m)/((-18)/z) is divided by 8.
6
Let k = 4 + 0. Suppose -3*w = -8 - k. Suppose -f + w = -2. What is the remainder when f is divided by 4?
2
Suppose g = 4*g - 18. Suppose -g*c = -c - 25. What is the remainder when c is divided by 3?
2
Let u = -5 - -15. Let d be ((-2)/(-5))/((-1)/u). Let o = d + 8. Calculate the remainder when 10 is divided by o.
2
Suppose 3*o = 2*o + 30. What is the remainder when o is divided by 76/10 - (-4)/10?
6
Let u = 37 + -31. What is the remainder when 7 is divided by u?
1
Let d(v) = v + 26. Suppose 0 = 9*s - 10*s - 8. Let t(q) = q**2 + 3*q + 11. Calculate the remainder when t(s) is divided by d(0).
25
Suppose 3*w = -w. Calculate the remainder when 10 is divided by (-2 - w)/((-5)/10).
2
Suppose 2*y + 5*w = 23 - 4, 1 = 2*y - w. Let r(n) = -n**3 + 4 - 3*n**2 - 1 - 2. Calculate the remainder when y is divided by r(-3).
0
Let t = 9 + -10. What is the remainder when 55 is divided by t/((-60)/57 - -1)?
17
Suppose -5*g + 1 + 29 = 0. Suppose -3*h + 17 = -5*o + 4*o, -2*h - 2*o = -g. What is the remainder when 8 is divided by h?
3
Let u(g) = -2 - 4 + 12*g + 0. What is the remainder when u(5) is divided by 14?
12
Let t(u) = 4*u - 14. Suppose -2*p + 0*p = -12. What is the remainder when 29 is divided by t(p)?
9
Let f(j) = -j - 45. Let t(h) = 2*h + 91. Let k(u) = 5*f(u) + 3*t(u). What is the remainder when k(0) is divided by 17?
14
Suppose 2*z = -22 + 86. Suppose 2*u - u + z = 4*n, 8 = n - 4*u. Calculate the remainder when (-156)/(-7) + 2/(-7) is divided by n.
6
Suppose -161 + 19 = -4*m + 2*n, -m = -2*n - 28. Suppose m = -2*h + 4*h. What is the remainder when h is divided by 5?
4
Suppose v = -5*u + 75, u + 4 = 3*v + 19. What is the remainder when u is divided by 8?
7
Let m(f) be the second derivative of f**4/6 - f**3/3 - f**2/2 + f. Let q(a) = -5*a**3 + a. Calculate the remainder when q(-1) is divided by m(2).
1
Let c = -3 + 6. Suppose c*x + 1 = 4*x. What is the remainder when ((-6)/(-9))/(4/6) is divided by x?
0
Suppose 4*i - 2*i = 24. Suppose -10*p = 77 - 287. Calculate the remainder when p is divided by i.
9
Suppose 6*i - 22 - 68 = 0. What is the remainder when 41 is divided by i?
11
Suppose -f + 21 = -52. Suppose -4*n = 2*i + 11 - 55, 4*i = -5*n + f. What is the remainder when 33 is divided by i?
9
Let v(u) = u**3 + u**2 + u + 6. Let t be v(0). Suppose -t*p + 5*p = -34. What is the remainder when p is divided by 9?
7
Suppose c - 5 = -2. Let d(x) = x - 1. Let s be d(-5). Let v(q) = q**2 + 6*q + 2. What is the remainder when c is divided by v(s)?
1
Suppose 5*p = 4*d - 81, 26 = 5*d - 5*p - 74. Calculate the remainder when 36 is divided by d.
17
Let k = 17 + -13. Suppose -k*o = -o - 27. What is the remainder when ((-44)/(-6))/(4/18) is divided by o?
6
Let z = 0 + 20. Let m = z + -11. What is the remainder when 17 is divided by m?
8
Let j be 3*-1 + 4 + 0. Calculate the remainder when 243/18*(1 + j) is divided by 7.
6
Let y = 55 - 39. Suppose 5*t = k + 17, y + 3 = t + 5*k. Suppose 59 = t*w - 3*j, 13 = 2*w + w + 4*j. Calculate the remainder when w is divided by 4.
3
What is the remainder when 48 is divided by (-234)/(-12)*(-2)/(-3)?
9
Let n = -10 + 8. Let t be n - 1 - (1 - 19). Suppose p = -3*i + 46 - t, -3*p = -2*i + 28. Calculate the remainder when 19 is divided by i.
8
Let l(d) = d + 23. Suppose -3*g = -8*g + 180. Calculate the remainder when g is divided by l(-10).
10
Let z(s) = -s + 11. What is the remainder when 17 is divided by z(6)?
2
Suppose 0 = 5*d - 26 - 264. What is the remainder when d is divided by (-15)/(6 + 35/(-5))?
13
Suppose i - 5*i + 24 = 0. What is the remainder when (i/1)/((-4)/(-10)) is divided by 8?
7
Let w(t) = -5*t + 2. Let d be w(6). Calculate the remainder when -1 + 46/(-2 + 4) is divided by (2 + d/6)*-3.
6
Let s(h) = -h**2 + 8*h - 1. Let y be s(7). Let l(m) = 10*m. Let i be l(y). Suppose i = 4*u - 0*u. What is the remainder when 43 is divided by u?
13
Suppose -3 + 19 = t. Calculate the remainder when 3 + 7/(175/10)*145 is divided by t.
13
Let l(b) = 22*b**3 - b. Suppose 0*c + 2*c = 2. What is the remainder when (-181)/(-3) + 2/3 is divided by l(c)?
19
Let h = -6 + 9. Let k = 3 - h. Suppose a + 4*q = 56, k*a = a - 3*q - 28. Calculate the remainder when a is divided by 21.
19
Let g(p) = -10*p. Let s(o) = -o**2 + 13*o + 3. Calculate the remainder when s(9) is divided by g(-1).
9
Suppose -3*a = 2*n - 10, a + n = -a + 5. Let g = 0 - a. Let t(o) = -o + 14. Calculate the remainder when 41 is divided by t(g).
13
Suppose -4*a = 2*q - 40, -a - 46 = -5*q - 1. What is the remainder when 12/q*(-60)/(-18) is divided by 4?
0
Suppose -4*h = -2*b + 6, 7 + 23 = 2*b + 4*h. What is the remainder when 43 is divided by b?
7
Suppose 4*o - 2*i - 102 = 0, 0 = -o - 0*i - 3*i + 15. Let j be (o/20)/(1/(-5)). Calculate the remainder when 7 is divided by 5 + 2/4*j.
1
Let o = -44 + 114. Suppose -o - 35 = -5*q. Let j = q + -9. Calculate the remainder when 23 is divided by j.
11
Suppose 4*d - 50 = -3*z + 60, 5*z + 97 = 3*d. Let u = -3 + d. Calculate the remainder when u is divided by 7.
5
Suppose h + 2*h = 27. Let f = h - -6. Suppose -19 = -q - 4*m - m, -2*q + 4*m = -108. Calculate the remainder when q is divided by f.
14
Let t be 31/2 - 3/6. Suppose -2*j = -4*k - 30, -3*k = 2*k + t. What is the remainder when 16 is divided by j?
7
Suppose 3*y = 4*k - 143, -k + 4*y = -14 - 25. Calculate the remainder when k - (-2 + 3)*3 is divided by 11.
10
Let h = 3 - -1. Suppose 3*v - 3 = 3. What is the remainder when h is divided by v?
0
Suppose -5*w + 5*m + 20 = 0, -1 + 8 = w + 2*m. Suppose 0 = y - 2*u - 18, 5*y - 76 = w*u - 2*u. What is the remainder when y is divided by 6?
2
Suppose 4*m = -m + 20. Let a = m + 5. What is the remainder when 25 is divided by a?
7
Suppose -4*c - t - 32 = 3*t, 3*t - 26 = 2*c. Let a = -9 - c. Calculate the remainder when (-3 + a)*69/(-6) is divided by 12.
11
Suppose -6*n = 3*n - 225. Calculate the remainder when 97 is divided by n.
22
Suppose 155 = 5*g + 5*r, -2*g - 2*g = -2*r - 124. Let d be (1 - 2)/(1/g). Let y = d + 50. Calculate the remainder when 37 is divided by y.
18
Let t(k) = -k**2 + 11*k - 9. Let s(j) = 9*j**2 - j - 1. Calculate the remainder when t(8) is divided by s(-1).
6
Suppose 0 = -2*v + 73 + 41. What is the remainder when 107 is divided by v?
50
Let r(f) be the second derivative of -13*f**3/6 - 5*f**2/2 - 5*f. What is the remainder when r(-4) is divided by 10?
7
What is the remainder when (-6)/4 - (-15)/2 is divided by 1/2*4*2?
2
Suppose -2*h + 4*n + 72 = -n, -3*h + 4*n = -94. Calculate the remainder when 77 is divided by h.
25
Calculate the remainder when 530